{"id":437,"date":"2022-10-18T15:12:56","date_gmt":"2022-10-18T15:12:56","guid":{"rendered":"https:\/\/www.hotla-bau.de\/?page_id=437"},"modified":"2022-10-18T15:12:57","modified_gmt":"2022-10-18T15:12:57","slug":"impressum","status":"publish","type":"page","link":"https:\/\/www.hotla-bau.de\/?page_id=437","title":{"rendered":"Impressum"},"content":{"rendered":"\n<p>HOTLA BAU Ludwigshafen<br>Garten- &amp; Pflastersteinarbeiten<br>Gesch\u00e4ftsinhaber: N. Avdiji<br><\/p>\n\n\n\n<p>Registergericht: AG Ludwigshafen<br>Registernummer: beantragt<\/p>\n\n\n\n<p><\/p>\n\n\n\n<p>Umsatzsteuer-Identifikationsnummer gem\u00e4\u00df \u00a7 27 a Umsatzsteuergesetz: beantragt<\/p>\n\n\n\n<p>Plattform der EU-Kommission zur Online-Streitbeilegung:&nbsp;<a href=\"https:\/\/ec.europa.eu\/consumers\/odr\">https:\/\/ec.europa.eu\/consumers\/odr<\/a><\/p>\n\n\n\n<p>Wir sind zur Teilnahme an einem Streitbeilegungsverfahren vor einer Verbraucherschlichtungsstelle weder verpflichtet noch bereit.<\/p>\n\n\n\n<p><a href=\"https:\/\/www.simofy.de\/\">SEO Optimierung<\/a>&nbsp;von simofy GmbH<\/p>\n","protected":false},"excerpt":{"rendered":"<p>HOTLA BAU LudwigshafenGarten- &amp; PflastersteinarbeitenGesch\u00e4ftsinhaber: N. Avdiji Registergericht: AG LudwigshafenRegisternummer: beantragt Umsatzsteuer-Identifikationsnummer gem\u00e4\u00df \u00a7 27 a Umsatzsteuergesetz: beantragt Plattform der EU-Kommission zur Online-Streitbeilegung:&nbsp;https:\/\/ec.europa.eu\/consumers\/odr Wir sind zur Teilnahme an einem Streitbeilegungsverfahren vor einer Verbraucherschlichtungsstelle weder verpflichtet noch bereit. SEO Optimierung&nbsp;von simofy GmbH<\/p>\n","protected":false},"author":1,"featured_media":0,"parent":0,"menu_order":0,"comment_status":"closed","ping_status":"closed","template":"","meta":{"neve_meta_sidebar":"","neve_meta_container":"","neve_meta_enable_content_width":"","neve_meta_content_width":0,"neve_meta_title_alignment":"","neve_meta_author_avatar":"","neve_post_elements_order":"","neve_meta_disable_header":"","neve_meta_disable_footer":"","neve_meta_disable_title":"","_ti_tpc_template_sync":false,"_ti_tpc_template_id":""},"_links":{"self":[{"href":"https:\/\/www.hotla-bau.de\/index.php?rest_route=\/wp\/v2\/pages\/437"}],"collection":[{"href":"https:\/\/www.hotla-bau.de\/index.php?rest_route=\/wp\/v2\/pages"}],"about":[{"href":"https:\/\/www.hotla-bau.de\/index.php?rest_route=\/wp\/v2\/types\/page"}],"author":[{"embeddable":true,"href":"https:\/\/www.hotla-bau.de\/index.php?rest_route=\/wp\/v2\/users\/1"}],"replies":[{"embeddable":true,"href":"https:\/\/www.hotla-bau.de\/index.php?rest_route=%2Fwp%2Fv2%2Fcomments&post=437"}],"version-history":[{"count":1,"href":"https:\/\/www.hotla-bau.de\/index.php?rest_route=\/wp\/v2\/pages\/437\/revisions"}],"predecessor-version":[{"id":438,"href":"https:\/\/www.hotla-bau.de\/index.php?rest_route=\/wp\/v2\/pages\/437\/revisions\/438"}],"wp:attachment":[{"href":"https:\/\/www.hotla-bau.de\/index.php?rest_route=%2Fwp%2Fv2%2Fmedia&parent=437"}],"curies":[{"name":"wp","href":"https:\/\/api.w.org\/{rel}","templated":true}]}}